{"id":3040,"date":"2026-01-16T16:47:35","date_gmt":"2026-01-16T19:47:35","guid":{"rendered":"https:\/\/observatorioopara.com.br\/?page_id=3040"},"modified":"2026-01-21T16:05:42","modified_gmt":"2026-01-21T19:05:42","slug":"deu-na-midia","status":"publish","type":"page","link":"https:\/\/observatorioopara.com.br\/?page_id=3040","title":{"rendered":"Deu na M\u00eddia"},"content":{"rendered":"\t\t<div data-elementor-type=\"wp-page\" data-elementor-id=\"3040\" class=\"elementor elementor-3040\">\n\t\t\t\t<div class=\"elementor-element elementor-element-3a79a6a e-flex e-con-boxed wpr-particle-no wpr-jarallax-no wpr-parallax-no wpr-sticky-section-no e-con e-parent\" data-id=\"3a79a6a\" data-element_type=\"container\" data-settings=\"{&quot;background_background&quot;:&quot;classic&quot;,&quot;shape_divider_bottom&quot;:&quot;waves&quot;,&quot;shape_divider_bottom_negative&quot;:&quot;yes&quot;}\">\n\t\t\t\t\t<div class=\"e-con-inner\">\n\t\t\t\t<div class=\"elementor-shape elementor-shape-bottom\" aria-hidden=\"true\" data-negative=\"true\">\n\t\t\t<svg xmlns=\"http:\/\/www.w3.org\/2000\/svg\" viewBox=\"0 0 1000 100\" preserveAspectRatio=\"none\">\n\t<path class=\"elementor-shape-fill\" d=\"M790.5,93.1c-59.3-5.3-116.8-18-192.6-50c-29.6-12.7-76.9-31-100.5-35.9c-23.6-4.9-52.6-7.8-75.5-5.3\n\tc-10.2,1.1-22.6,1.4-50.1,7.4c-27.2,6.3-58.2,16.6-79.4,24.7c-41.3,15.9-94.9,21.9-134,22.6C72,58.2,0,25.8,0,25.8V100h1000V65.3\n\tc0,0-51.5,19.4-106.2,25.7C839.5,97,814.1,95.2,790.5,93.1z\"\/>\n<\/svg>\t\t<\/div>\n\t\t<div class=\"elementor-element elementor-element-70fdec6 e-con-full e-flex wpr-particle-no wpr-jarallax-no wpr-parallax-no wpr-sticky-section-no e-con e-child\" data-id=\"70fdec6\" data-element_type=\"container\">\n\t\t\t\t<div class=\"elementor-element elementor-element-bfd10d9 elementor-widget elementor-widget-heading\" data-id=\"bfd10d9\" data-element_type=\"widget\" data-widget_type=\"heading.default\">\n\t\t\t\t<div class=\"elementor-widget-container\">\n\t\t\t\t\t<h2 class=\"elementor-heading-title elementor-size-default\">DEU  NA M\u00cdDIA<\/h2>\t\t\t\t<\/div>\n\t\t\t\t<\/div>\n\t\t\t\t<div class=\"elementor-element elementor-element-bf17026 elementor-widget elementor-widget-heading\" data-id=\"bf17026\" data-element_type=\"widget\" data-widget_type=\"heading.default\">\n\t\t\t\t<div class=\"elementor-widget-container\">\n\t\t\t\t\t<h2 class=\"elementor-heading-title elementor-size-default\">Nossas vozes e pesquisas no debate p\u00fablico<\/h2>\t\t\t\t<\/div>\n\t\t\t\t<\/div>\n\t\t\t\t<\/div>\n\t\t<div class=\"elementor-element elementor-element-c375057 e-con-full e-flex wpr-particle-no wpr-jarallax-no wpr-parallax-no wpr-sticky-section-no e-con e-child\" data-id=\"c375057\" data-element_type=\"container\">\n\t\t\t\t<\/div>\n\t\t\t\t\t<\/div>\n\t\t\t\t<\/div>\n\t\t<div class=\"elementor-element elementor-element-b2c0f9c e-flex e-con-boxed wpr-particle-no wpr-jarallax-no wpr-parallax-no wpr-sticky-section-no e-con e-parent\" data-id=\"b2c0f9c\" data-element_type=\"container\" data-settings=\"{&quot;background_background&quot;:&quot;classic&quot;}\">\n\t\t\t\t\t<div class=\"e-con-inner\">\n\t\t<div class=\"elementor-element elementor-element-2a21210 e-con-full e-flex wpr-particle-no wpr-jarallax-no wpr-parallax-no wpr-sticky-section-no e-con e-child\" data-id=\"2a21210\" data-element_type=\"container\">\n\t\t\t\t<div class=\"elementor-element elementor-element-9e8189f elementor-widget elementor-widget-shortcode\" data-id=\"9e8189f\" data-element_type=\"widget\" data-widget_type=\"shortcode.default\">\n\t\t\t\t<div class=\"elementor-widget-container\">\n\t\t\t\t\t\t\t<div class=\"elementor-shortcode\"><div class=\"opara-smart-grid-wrapper\"><div class=\"opara-smart-row type-mixed\"><a href=\"https:\/\/observatorioopara.com.br\/?p=577\" class=\"opara-smart-card no-img card-half-txt\"><div class=\"sg-content\"><div class=\"sg-icon\">\ud83d\udcf0<\/div><div class=\"sg-meta\">Na M\u00eddia<\/div><h3 class=\"sg-title\">\u201cA autonomia universit\u00e1ria \u00e9 um salvo-conduto para promover o racismo institucional?\u201d, por Edmilson Santos dos Santos, Anibal Livramento da Silva Netto, Alisson Gomes dos Santos e Ana Luisa Ara\u00fajo de Oliveira<\/h3><div class=\"sg-excerpt-txt\">\u201cA autonomia universit\u00e1ria \u00e9 um salvo-conduto para promover o racismo institucional?\u201d Edmilson Santos dos Santos, Anibal Livramento da Silva Netto, Alisson Gomes dos Santos e Ana Luisa Ara\u00fajo de Oliveira Publicado em Le Monde Diplomatique Brasil \u201cO Observat\u00f3rio Opar\u00e1 continuar\u00e1 a se opor a qualquer les\u00e3o \u00e0 autonomia universit\u00e1ria que impe\u00e7a o pleno acesso \u00e0 pol\u00edtica de a\u00e7\u00e3o afirmativa. Agora, depois do ataque duro aos direitos da popula\u00e7\u00e3o negra, buscamos repara\u00e7\u00e3o por todas as vagas subtra\u00eddas injustamente, seguindo o exemplo da Universidade Federal de Pelotas (UFPel) e da Universidade Federal do Vale do S\u00e3o Francisco (Univasf), com o reconhecimento, quanto a legalidade e a legitimidade, por parte da Advocacia Geral da Uni\u00e3o (AGU). Essa \u00faltima universidade adotou a proposta do Observat\u00f3rio Opar\u00e1, que foi aprovada sem votos contr\u00e1rios pelo Conselho Universit\u00e1rio (Decis\u00e3o n\u00ba 51\/2024 \u2013 Conuni\/Univasf). Nesse caso, a autonomia universit\u00e1ria se alinhou com a nossa vis\u00e3o de autonomia, que fortalece o Estado Democr\u00e1tico de Direito.\u00a0\u00a0 N\u00e3o custa nada alertar os reitores e as reitoras das IFEs que est\u00e1 fixado em nossa constitui\u00e7\u00e3o, por meio do Decreto n\u00ba 10.932\/2022, o conceito de racismo indireto:\u00a0\u00a0 [&#8230;] H\u00e1 justificativa razo\u00e1vel para contratar apenas 5 de cada 1.000 pessoas negras potenciais destinat\u00e1rias da Lei n\u00ba 12.990\/2014? Reconhecer o racismo (e a verdade) \u00e9 a primeira medida para super\u00e1-lo e a sinaliza\u00e7\u00e3o certeira \u00e0 comunidade negra de que \u00e9 poss\u00edvel acreditar num Brasil melhor, para todos. Com a palavra, a autonomia universit\u00e1ria! Nossa luta agora \u00e9 por repara\u00e7\u00e3o!\u201d Acesso em: https:\/\/diplomatique.org.br\/a-autonomia-universitaria-e-um-salvo-conduto-para-promover-o-racismo-institucional\/\u00a0 \u00a0<\/div><\/div><\/a><a href=\"https:\/\/observatorioopara.com.br\/?p=553\" class=\"opara-smart-card has-img card-half-img\"><div class=\"sg-img-box\"><img decoding=\"async\" src=\"https:\/\/observatorioopara.com.br\/wp-content\/uploads\/2025\/01\/tvnorte_.png\" alt=\"Deu na m\u00eddia (TV Norte Acre)\"><\/div><div class=\"sg-content\"><div class=\"sg-meta\">Na M\u00eddia<\/div><h3 class=\"sg-title\">Deu na m\u00eddia (TV Norte Acre)<\/h3><div class=\"sg-excerpt-img\">TV Norte Acre &#8211; filiada do SBT Entrevista no Programa \u201cT\u00e1 na Hora\u201d, da TV Norte Acre, sobre a implementa\u00e7\u00e3o da Lei de Cotas.<\/div><\/div><\/a><\/div><div class=\"opara-smart-row type-mixed\"><a href=\"https:\/\/observatorioopara.com.br\/?p=549\" class=\"opara-smart-card no-img card-half-txt\"><div class=\"sg-content\"><div class=\"sg-icon\">\ud83d\udcf0<\/div><div class=\"sg-meta\">Na M\u00eddia<\/div><h3 class=\"sg-title\">Deu na m\u00eddia (M\u00eddia Ninja)<\/h3><div class=\"sg-excerpt-txt\">M\u00eddia Ninja, por Estudantes NINJA Estudo revela que 70% dos concursos em universidades federais n\u00e3o aplicam cotas raciais. Acesso em: https:\/\/midianinja.org\/news\/estudo-revela-que-70-dos-concursos-em-universidades-federais-nao-aplicam-cotas-raciais\/\u00a0<\/div><\/div><\/a><a href=\"https:\/\/observatorioopara.com.br\/?p=551\" class=\"opara-smart-card has-img card-half-img\"><div class=\"sg-img-box\"><img decoding=\"async\" src=\"https:\/\/observatorioopara.com.br\/wp-content\/uploads\/2025\/01\/images.png\" alt=\"Deu na m\u00eddia (Alma Preta)\"><\/div><div class=\"sg-content\"><div class=\"sg-meta\">Na M\u00eddia<\/div><h3 class=\"sg-title\">Deu na m\u00eddia (Alma Preta)<\/h3><div class=\"sg-excerpt-img\">Alma Preta, por Giovane Ramos Estudo revela que 70% dos concursos em universidades federais n\u00e3o aplicam cotas raciais. Acesso em: https:\/\/almapreta.com.br\/sessao\/cotidiano\/estudo-revela-que-70-dos-concursos-em-universidades-federais-nao-aplicam-cotas-raciais\/<\/div><\/div><\/a><\/div><div class=\"opara-smart-row type-mixed\"><a href=\"https:\/\/observatorioopara.com.br\/?p=543\" class=\"opara-smart-card has-img card-half-img\"><div class=\"sg-img-box\"><img decoding=\"async\" src=\"https:\/\/observatorioopara.com.br\/wp-content\/uploads\/2025\/01\/ICL_Noticias.jpg\" alt=\"Deu na m\u00eddia (ICL Not\u00edcias)\"><\/div><div class=\"sg-content\"><div class=\"sg-meta\">Na M\u00eddia<\/div><h3 class=\"sg-title\">Deu na m\u00eddia (ICL Not\u00edcias)<\/h3><div class=\"sg-excerpt-img\">ICL Not\u00edcias, por Gabriel Gomes \u201cO que identificamos \u00e9 que o Brasil perdeu uma chance de, no servi\u00e7o p\u00fablico, encontrar-se com o Brasil. As burlas materializam, com bastante precis\u00e3o, o peso e a for\u00e7a do racismo estrutural e institucional\u2019, resume a pesquisadora Ana Luisa Araujo de Oliveira\u201d. Acesso em: https:\/\/iclnoticias.com.br\/cotas-vagas-nao-chegaram-a-negros-por-fraude\/\u00a0<\/div><\/div><\/a><a href=\"https:\/\/observatorioopara.com.br\/?p=547\" class=\"opara-smart-card no-img card-half-txt\"><div class=\"sg-content\"><div class=\"sg-icon\">\ud83d\udcf0<\/div><div class=\"sg-meta\">Na M\u00eddia<\/div><h3 class=\"sg-title\">Deu na m\u00eddia (Correio Brasiliense)<\/h3><div class=\"sg-excerpt-txt\">O Portal do Correio Brasiliense publicou dois artigos sobre o relat\u00f3rio &#8220;A implementa\u00e7\u00e3o da Lei n\u00ba 12.990\/2014&#8221; do Observat\u00f3rio Opar\u00e1. Artigo: Pela continuidade da Lei 12.990\/2014, por Ana Cristina Duarte. Acesso em: https:\/\/www.correiobraziliense.com.br\/opiniao\/2024\/04\/6846194-pela-continuidade-da-lei-12-990-2014.html&nbsp; Artigo: Cotas raciais: fraude, desigualdade e o futuro da democracia, por Alexandre Cruz. Acesso em: https:\/\/www.correiobraziliense.com.br\/opiniao\/2024\/07\/6897223-artigo-cotas-raciais-fraude-desigualdade-e-o-futuro-da-democracia.html&nbsp;<\/div><\/div><\/a><\/div><div class=\"opara-smart-row type-mixed\"><a href=\"https:\/\/observatorioopara.com.br\/?p=545\" class=\"opara-smart-card no-img card-half-txt\"><div class=\"sg-content\"><div class=\"sg-icon\">\ud83d\udcf0<\/div><div class=\"sg-meta\">Na M\u00eddia<\/div><h3 class=\"sg-title\">Deu na m\u00eddia (TCU)<\/h3><div class=\"sg-excerpt-txt\">TCU, por Secom TCU \u201cA secret\u00e1ria-geral de Controle Externo, Ana Paula Sampaio, afirmou que o relat\u00f3rio ajudar\u00e1 a planejar trabalhos futuros do TCU relacionados ao tema. \u2018O estudo \u00e9 muito interessante e ser\u00e1 utilizado como insumo para trabalhos mais estruturantes do Tribunal, a exemplo de auditorias operacionais que avaliam a efic\u00e1cia, a efici\u00eancia e a efetividade de pol\u00edticas p\u00fablicas. O material \u00e9 um excelente ponto de partida para o TCU\u2019, avaliou.O chefe do Departamento de P\u00f3s-Gradua\u00e7\u00e3o e Pesquisas do Instituto Serzedello Corr\u00eaa (ISC), Cl\u00e9mens Soares dos Santos, lembrou que a Lei 12.990\/2014 perde a efic\u00e1cia no pr\u00f3ximo dia 9 de junho, j\u00e1 que a norma tem prazo de vig\u00eancia de dez anos. \u2018Esses dados do relat\u00f3rio s\u00e3o fundamentais n\u00e3o s\u00f3 para o TCU, mas para que o pr\u00f3prio Parlamento discuta a legisla\u00e7\u00e3o com base nas evid\u00eancias de que hoje ela n\u00e3o cumpre o que se prop\u00f5e\u2019, pontuou\u201d. Acesso em: https:\/\/portal.tcu.gov.br\/imprensa\/noticias\/tcu-recebe-relatorio-que-aponta-violacoes-a-implementacao-da-lei-de-cotas-raciais-em-concursos-publicos.htm<\/div><\/div><\/a><a href=\"https:\/\/observatorioopara.com.br\/?p=541\" class=\"opara-smart-card has-img card-half-img\"><div class=\"sg-img-box\"><img decoding=\"async\" src=\"https:\/\/observatorioopara.com.br\/wp-content\/uploads\/2025\/01\/Logotipo_G1.png\" alt=\"Deu na m\u00eddia (G1)\"><\/div><div class=\"sg-content\"><div class=\"sg-meta\">Na M\u00eddia<\/div><h3 class=\"sg-title\">Deu na m\u00eddia (G1)<\/h3><div class=\"sg-excerpt-img\">G1,\u00a0 por Julia Nunes \u201cO relat\u00f3rio tamb\u00e9m ressaltou que, durante o julgamento de uma a\u00e7\u00e3o em 2017, o ministro do Supremo Tribunal Federal (STF) Lu\u00eds Roberto Barroso j\u00e1 havia dito que \u201cos concursos n\u00e3o podem fracionar as vagas de acordo com a especializa\u00e7\u00e3o exigida para burlar a pol\u00edtica de a\u00e7\u00e3o afirmativa\u201d. No relat\u00f3rio, os pesquisadores sugeriram medidas como a elabora\u00e7\u00e3o de uma portaria para orientar as institui\u00e7\u00f5es de ensino a fazerem um planejamento anual para abertura de concursos e emitirem relat\u00f3rios sobre a presen\u00e7a de pessoas negras nos processos seletivos\u201d. Acesso em: https:\/\/g1.globo.com\/trabalho-e-carreira\/concursos\/noticia\/2024\/03\/21\/concursos-fatiados-em-universidades-federais-prejudicam-cumprimento-de-cotas-para-negros-diz-pesquisa.ghtml&nbsp;&nbsp;<\/div><\/div><\/a><\/div><div class=\"opara-smart-row type-mixed\"><a href=\"https:\/\/observatorioopara.com.br\/?p=534\" class=\"opara-smart-card has-img card-half-img\"><div class=\"sg-img-box\"><img decoding=\"async\" src=\"https:\/\/observatorioopara.com.br\/wp-content\/uploads\/2025\/01\/folha-de-s-o-paulo-logo-black-and-white-1024x1024.png\" alt=\"Deu na m\u00eddia (Folha de S\u00e3o Paulo)\"><\/div><div class=\"sg-content\"><div class=\"sg-meta\">Na M\u00eddia<\/div><h3 class=\"sg-title\">Deu na m\u00eddia (Folha de S\u00e3o Paulo)<\/h3><div class=\"sg-excerpt-img\">Universidades federais n\u00e3o cumprem cotas para negros em 74% dos concursos de servidores &nbsp;A pesquisa apresentada no relat\u00f3rio baseado em evid\u00eancias \u201cA implementa\u00e7\u00e3o da Lei n\u00ba 12.990\/2014: um cen\u00e1rio devastador de fraudes\u201d repercutiu na impressa nacional. A seguir apresentamos alguns materiais. \u201cSete em cada dez concursos p\u00fablicos para universidades federais n\u00e3o oferecem o m\u00ednimo de vagas para reserva pela lei de a\u00e7\u00f5es afirmativas, segundo levantamento. [&#8230;.] Universidades dividem o n\u00famero de posi\u00e7\u00f5es por departamento, localidade do campus, \u00e1rea do conhecimento, entre outros. Isso leva a um alto n\u00famero de editais com menos de tr\u00eas vagas, m\u00ednimo necess\u00e1rio para adotar as a\u00e7\u00f5es afirmativas\u201d. Acesso em: https:\/\/www1.folha.uol.com.br\/mercado\/2024\/03\/universidades-federais-nao-cumprem-cotas-para-negros-em-74-dos-concursos-de-servidores.shtml&nbsp;<\/div><\/div><\/a><a href=\"https:\/\/observatorioopara.com.br\/?p=537\" class=\"opara-smart-card no-img card-half-txt\"><div class=\"sg-content\"><div class=\"sg-icon\">\ud83d\udcf0<\/div><div class=\"sg-meta\">Na M\u00eddia<\/div><h3 class=\"sg-title\">Deu na m\u00eddia (The Intercept)<\/h3><div class=\"sg-excerpt-txt\">The Intercept, por Agnes Sofia \u201cCoordenadora Nacional do Movimento Negro Unificado, Rosa Negra destaca que os resultados da pesquisa indicam uma solu\u00e7\u00e3o a desigualdades sociais que est\u00e1 longe da efic\u00e1cia comparada ao tempo que levou para sair do papel, ap\u00f3s d\u00e9cadas de mobiliza\u00e7\u00e3o. \u2018A Lei 12.990 se apresentou como uma luz para o acesso de negras e negros ao mercado de trabalho, especialmente nos cargos de maior prest\u00edgio social na burocracia estatal brasileira. No entanto, os anos passaram e n\u00e3o percebemos as mudan\u00e7as que almejamos. Isso indica que a repara\u00e7\u00e3o que tardou, tamb\u00e9m falhou\u2019, conclui\u201d. Acesso em: https:\/\/www.intercept.com.br\/2024\/03\/18\/quase-10-mil-negros-foram-barrados-de-concursos\/&nbsp;&nbsp;<\/div><\/div><\/a><\/div><\/div><style>\n        :root {\n            --sg-gap: 20px;\n            --sg-radius: 12px;\n            --sg-yellow: #FFC107;\n            --sg-dark: #1a1a1a;\n        }\n\n        .opara-smart-grid-wrapper {\n            max-width: 1200px;\n            margin: 40px auto;\n            padding: 0 15px;\n            font-family: \"Montserrat\", sans-serif;\n            display: flex;\n            flex-direction: column;\n            gap: var(--sg-gap);\n        }\n\n        \/* Linhas *\/\n        .opara-smart-row { display: grid; gap: var(--sg-gap); width: 100%; }\n        .opara-smart-row.type-mixed { grid-template-columns: 1.2fr 1fr; }\n        .opara-smart-row.type-trio-txt { grid-template-columns: 1fr 1fr 1fr; }\n        .opara-smart-row.type-duo-img { grid-template-columns: 1fr 1fr; }\n        .opara-smart-row.type-fallback { display: flex; justify-content: center; }\n        .opara-smart-row.type-fallback .opara-smart-card { flex-grow: 1; }\n\n        \/* --- CARD GERAL --- *\/\n        .opara-smart-card {\n            background: #fff;\n            border: 1px solid #e5e5e5;\n            border-radius: var(--sg-radius);\n            overflow: hidden;\n            display: flex;\n            flex-direction: column;\n            transition: transform 0.3s, box-shadow 0.3s;\n            height: 100%; \n            min-height: 280px;\n            text-decoration: none !important;\n            color: inherit !important;\n            box-shadow: none;\n        }\n        \n        .opara-smart-card:hover {\n            transform: translateY(-5px);\n            box-shadow: 0 10px 25px rgba(0,0,0,0.15);\n            border-color: var(--sg-yellow);\n        }\n\n        \/* ==============================\n           ESTILO CARD COM IMAGEM (Anima\u00e7\u00e3o)\n        ============================== *\/\n        .opara-smart-card.has-img { position: relative; }\n        \n        \/* Imagem de Fundo *\/\n        .opara-smart-card.has-img .sg-img-box {\n            height: 100%; width: 100%; position: absolute; top: 0; left: 0; z-index: 1;\n        }\n        \n        .opara-smart-card.has-img .sg-img-box img {\n            width: 100%; \n            height: 100%; \n            object-fit: cover; \n            \/* Come\u00e7a com Zoom In (1.1) para poder afastar depois *\/\n            transform: scale(1.1); \n            transition: transform 0.6s ease;\n        }\n        \n        \/* HOVER NA IMAGEM: \"Mais distante\" (Volta ao tamanho normal 1.0) *\/\n        .opara-smart-card:hover .sg-img-box img { \n            transform: scale(1.0); \n        }\n        \n        \/* Painel Glass *\/\n        .opara-smart-card.has-img .sg-content {\n            position: relative;\n            z-index: 2;\n            margin-top: auto; \n            background: rgba(20, 20, 20, 0.75);\n            backdrop-filter: blur(12px); \n            -webkit-backdrop-filter: blur(12px);\n            border-top: 1px solid rgba(255, 255, 255, 0.1);\n            color: #fff;\n            padding: 20px;\n            \n            \/* Transi\u00e7\u00e3o suave para desaparecer *\/\n            transition: opacity 0.4s ease, transform 0.4s ease;\n            opacity: 1;\n            transform: translateY(0);\n        }\n\n        \/* HOVER NO PAINEL: Fica transparente e desce *\/\n        .opara-smart-card.has-img:hover .sg-content {\n            opacity: 0; \/* Invis\u00edvel *\/\n            transform: translateY(100%); \/* Desliza para fora *\/\n        }\n\n        \/* Texto sobre o Glass *\/\n        .opara-smart-card.has-img .sg-meta { color: var(--sg-yellow); }\n        .opara-smart-card.has-img .sg-title { color: #fff; text-shadow: 0 1px 2px rgba(0,0,0,0.3); }\n        \n        \/* Resumo no Glass *\/\n        .sg-excerpt-img {\n            font-size: 0.85rem;\n            color: rgba(255,255,255,0.9);\n            margin-top: 10px;\n            line-height: 1.5;\n            display: -webkit-box;\n            -webkit-line-clamp: 2;\n            -webkit-box-orient: vertical;\n            overflow: hidden;\n            text-decoration: none !important;\n        }\n\n        \/* ==============================\n           ESTILO CARD SEM IMAGEM\n        ============================== *\/\n        .opara-smart-card.no-img {\n            padding: 30px;\n            background: #fafafa;\n            border-top: 4px solid var(--sg-yellow);\n            justify-content: center;\n            text-align: center;\n        }\n        .opara-smart-card.no-img .sg-content {\n            display: flex; flex-direction: column; gap: 15px;\n        }\n        .opara-smart-card.no-img .sg-icon {\n            font-size: 2rem; margin-bottom: 10px; color: var(--sg-yellow);\n        }\n        .sg-excerpt-txt {\n            font-size: 0.9rem; color: #666; line-height: 1.6;\n            display: -webkit-box; -webkit-line-clamp: 4; -webkit-box-orient: vertical; overflow: hidden;\n            text-decoration: none !important;\n        }\n\n        \/* Tipografia Geral *\/\n        .sg-meta {\n            font-size: 0.75rem;\n            text-transform: uppercase;\n            letter-spacing: 1px;\n            margin-bottom: 8px;\n            font-weight: 700;\n            color: #999;\n            text-decoration: none !important;\n        }\n        .sg-title {\n            font-size: 1.1rem;\n            font-weight: 700;\n            margin: 0;\n            line-height: 1.4;\n            text-decoration: none !important;\n        }\n\n        @media (max-width: 768px) {\n            .opara-smart-row.type-mixed,\n            .opara-smart-row.type-trio-txt,\n            .opara-smart-row.type-duo-img {\n                grid-template-columns: 1fr; \n            }\n            .opara-smart-card { min-height: auto; }\n            .opara-smart-card.has-img { height: 350px; }\n        }\n    <\/style>\n<\/div>\n\t\t\t\t\t\t<\/div>\n\t\t\t\t<\/div>\n\t\t\t\t<\/div>\n\t\t\t\t\t<\/div>\n\t\t\t\t<\/div>\n\t\t\t\t<\/div>\n\t\t","protected":false},"excerpt":{"rendered":"<p>DEU NA M\u00cdDIA Nossas vozes e pesquisas no debate p\u00fablico<\/p>\n","protected":false},"author":1,"featured_media":0,"parent":0,"menu_order":0,"comment_status":"closed","ping_status":"closed","template":"","meta":{"footnotes":""},"class_list":["post-3040","page","type-page","status-publish","hentry"],"_links":{"self":[{"href":"https:\/\/observatorioopara.com.br\/index.php?rest_route=\/wp\/v2\/pages\/3040","targetHints":{"allow":["GET"]}}],"collection":[{"href":"https:\/\/observatorioopara.com.br\/index.php?rest_route=\/wp\/v2\/pages"}],"about":[{"href":"https:\/\/observatorioopara.com.br\/index.php?rest_route=\/wp\/v2\/types\/page"}],"author":[{"embeddable":true,"href":"https:\/\/observatorioopara.com.br\/index.php?rest_route=\/wp\/v2\/users\/1"}],"replies":[{"embeddable":true,"href":"https:\/\/observatorioopara.com.br\/index.php?rest_route=%2Fwp%2Fv2%2Fcomments&post=3040"}],"version-history":[{"count":40,"href":"https:\/\/observatorioopara.com.br\/index.php?rest_route=\/wp\/v2\/pages\/3040\/revisions"}],"predecessor-version":[{"id":3263,"href":"https:\/\/observatorioopara.com.br\/index.php?rest_route=\/wp\/v2\/pages\/3040\/revisions\/3263"}],"wp:attachment":[{"href":"https:\/\/observatorioopara.com.br\/index.php?rest_route=%2Fwp%2Fv2%2Fmedia&parent=3040"}],"curies":[{"name":"wp","href":"https:\/\/api.w.org\/{rel}","templated":true}]}}